y and i.
8
Let g be 62*1/(-2) + -1. Let k = 3 + g. Let u = k - -51. What is the highest common factor of u and 22?
22
Let u(l) = -l**2 - 7*l - 6. Let y be u(-4). Let o = -3464 + 3626. Calculate the greatest common factor of o and y.
6
Let i(m) = -3*m - 9. Let r be (-203)/35 + (-1)/5. Let o be i(r). What is the highest common factor of 72 and o?
9
Let m be -2*(4 - 55/10). Suppose m*f - 45 = -0*f. Calculate the greatest common factor of 60 and f.
15
Let a = -543 - -653. What is the greatest common divisor of 385 and a?
55
Let w = 378 - 348. What is the highest common factor of w and 35?
5
Suppose -19*v + 17*v = -108. Suppose 3*h - v = 5*w, -4*h + w + 89 = -0*w. Calculate the greatest common factor of h and 253.
23
Let t = -53 - -300. What is the highest common divisor of t and 13?
13
Let x(l) = -l**3 - 10*l**2 - 8*l + 13. Let d be x(-9). Let b be (d*-3)/(9/(-6)). Let u be 1/(99/24 + -4). Calculate the highest common factor of b and u.
8
Suppose 0 = -3*j - 3*f + 3426, 2*j - 3*f - 899 = 1410. What is the greatest common divisor of 37 and j?
37
Suppose 0 = 3*s + 4*j - 0*j - 827, -4*j - 4 = 0. Let f = s - 116. Let r = f + -68. What is the greatest common divisor of r and 62?
31
Let o(y) = 5*y - 12. Let i be o(4). Let t(j) = 7*j**2 - 4*j + 5*j + 4*j - 3*j - j**3 - i. Let d be t(7). What is the highest common divisor of d and 30?
6
Let s be (-65)/30*-57*1*2. Let t = -82 + s. What is the highest common factor of t and 15?
15
Let t = -25 + 47. Let o(l) = -l**2 - l. Let h(c) = -7*c**2 - 7*c + 1. Let z(g) = -h(g) + 6*o(g). Let v be z(3). Calculate the highest common factor of v and t.
11
Let n(x) = x**3 - 13*x**2 + 16. Let d be n(13). Calculate the greatest common divisor of d and 92.
4
Let g(l) = -l**3 + 19*l**2 + 14*l + 85. Let o be g(19). Calculate the greatest common factor of 39 and o.
39
Suppose -3*b - 5 - 1 = 0. Let p(g) = 3*g**2 - 2. Let l be p(b). Let s be 5/l + 319/2. Calculate the greatest common factor of s and 20.
20
Suppose -5*a = -a - 212. What is the greatest common factor of a and 371?
53
Let k(t) = 17*t + 74. Let g be k(18). Calculate the greatest common divisor of g and 30.
10
Let a(y) = -y**2 - 6*y - 3. Let j be a(-5). Let k be 20/25*105/j. Calculate the greatest common divisor of 6 and k.
6
Let d = -25 - -11. Let v be 6*(0 - d/(-6)). Let f = -7 - v. What is the greatest common divisor of 63 and f?
7
Let k(f) = -f**2 + 14 + 4*f + 4*f - 3*f**2 + 3*f**2. Let y be k(8). Calculate the greatest common factor of 56 and y.
14
Let v be (-3*90)/5 - (-1 + -1). Let n = v - -67. Calculate the greatest common divisor of 60 and n.
15
Let h be (313 - -3) + 1 - (-55)/11. What is the highest common divisor of 46 and h?
46
Let x(g) = 3*g**2 + g + 2. Let t be x(-2). Let z(n) = -12*n. Let i be (-39)/15 - 3/(-5). Let y be z(i). Calculate the highest common factor of t and y.
12
Let p = 455 + -445. Calculate the greatest common factor of 5 and p.
5
Let g(a) = a**3 - 23*a**2 + 22*a - 20. Let l be g(22). Let o be (-43)/(64/l + 3). What is the greatest common divisor of 43 and o?
43
Let i(x) = -x**2 + 9*x - 24. Let p be i(4). Let v be 17 - p - (-4 - -6). What is the highest common factor of v and 171?
19
Suppose 63 - 54 = o. Let a(z) = z**2 - 8*z + 7. Let d be a(o). Calculate the greatest common divisor of 64 and d.
16
Let o(s) = s**2 - 12*s - 9. Let k be o(13). Suppose -k*f + 22 = -2*r, 5*f - 2*r - 22 = 8. Calculate the greatest common divisor of 20 and f.
4
Let w be 10 - (-1 - (3 + -9)). What is the greatest common divisor of 4 and w?
1
Let h(i) = 6*i - 52. Let p be h(12). Let y be (-13)/(p/30*(-3)/4). What is the highest common factor of y and 91?
13
Suppose 0 = 3*x - 4*x + 14. Let y be (-4)/(-6) + 160/12. Calculate the highest common divisor of x and y.
14
Suppose -16*a - 4 = -4. Suppose 6*g + 36 - 180 = a. Calculate the greatest common factor of 192 and g.
24
Let r = 17 + -12. Let u = -14 - -12. Let n = r + u. Calculate the greatest common factor of n and 6.
3
Let v = -67 + 69. Let m = 4 - v. What is the highest common factor of 4 and m?
2
Suppose -9*q + 4309 - 925 = 0. Calculate the greatest common divisor of q and 235.
47
Suppose 23 - 187 = -4*s. Calculate the greatest common factor of s and 287.
41
Let s be 5/(-25)*-515 - -5. Calculate the highest common factor of 24 and s.
12
Let n be (7/(-10))/7 - 1539/(-90). What is the highest common divisor of n and 561?
17
Suppose 0 + 12 = -3*p. Let u = 9 - p. Let n = 198 - 133. What is the greatest common divisor of u and n?
13
Let k(i) = i**3 + 25*i - 28. Let w be k(8). Calculate the greatest common divisor of 24 and w.
12
Let p be 140/(-1050) + (-317)/(-15). What is the greatest common factor of p and 2247?
21
Let k(s) = -s**2 + 67. Let z be k(-7). Suppose 4*q = -2*h + 104, -2*h - 104 = -5*q + 2*h. Calculate the greatest common factor of q and z.
6
Let q be (-270)/36*204/(-9). Calculate the highest common divisor of 20 and q.
10
Suppose -k - 3*v - 24 = -51, -5*k - 4*v = -135. Calculate the greatest common factor of 1 and k.
1
Suppose -34 = -2*k + 7*s - 3*s, -k = 4*s - 47. Calculate the greatest common divisor of 1 and k.
1
Suppose 6*h + 887 = -2389. Let u = h + 777. Calculate the greatest common divisor of u and 21.
21
Let i = -80 + 152. Calculate the highest common factor of i and 792.
72
Let q = 28 + -7. Let w = 22 - q. Calculate the greatest common divisor of 2 and w.
1
Suppose 11*t + 10440 = 19*t. What is the greatest common divisor of 45 and t?
45
Suppose 5*f + 3*w - 42 = 2*f, -10 = 2*w. Let o be 0/(-2) - -132 - -1. Suppose o = 3*b - 2*b. What is the greatest common factor of b and f?
19
Suppose 6*d - 200 = -2*d. Let g be 4/((-24)/9)*(-44 - 6). What is the highest common factor of d and g?
25
Let b(f) = 2*f + 1. Let d be b(-1). Let z be (-1 - d)/(0 - -2). Suppose z = 3*h - 69 - 36. What is the highest common divisor of h and 5?
5
Let k(y) = -2*y**2 + 3*y - 147. Let o(q) = -5*q**2 + 7*q - 293. Let u(z) = -7*k(z) + 3*o(z). Let a be u(0). Calculate the greatest common factor of 15 and a.
15
Let x be (84/(-8))/(-7)*2. Let o be -2*(x + -2) - -4. Let r(t) = 6*t - 5. Let m be r(o). What is the greatest common factor of m and 63?
7
Let c(j) = -j**3 - 7*j**2 - 5*j + 12. Let y be c(-6). Let x be 1 - (-2 + 5) - -4. Calculate the greatest common factor of x and y.
2
Suppose 4*d + 2 = 5*t + 12, -3*d + 11 = -2*t. Let s be t/(5*10/1175). What is the greatest common factor of s and 94?
47
Suppose 0 = 2*l + 5*s - 215, 7*s - 3*s = -12. What is the highest common divisor of l and 23?
23
Let s(w) = -2*w. Let b be s(-3). Let p = -6 + b. Suppose -5*g + 181 = -2*u, -3*g + 0*g + 4*u + 117 = p. Calculate the highest common divisor of 5 and g.
5
Suppose 3*i = 5*w + 259, 5*w - 40 = i - 123. Suppose 0 = -3*g + 7*g - i. What is the highest common factor of 2 and g?
2
Let f be (-105)/(-12) - (-15)/(-20). Let x = f - -6. Let j be 2/14 - (-460)/x. Calculate the highest common divisor of j and 3.
3
Let b(d) = d**3 - 18*d**2 + 6*d - 76. Let i be b(18). What is the highest common divisor of i and 1024?
32
Let x(b) = b**2 - 4*b - 12. Let s be 3/9 + 76/(-12). Let j = 4 - s. Let z be x(j). Calculate the greatest common factor of z and 120.
24
Let c(u) = 3*u + 64. Let o be c(20). What is the highest common divisor of 93 and o?
31
Suppose 4*i = 4, -17*p - 5*i = -13*p - 125. Calculate the greatest common divisor of p and 282.
6
Let q = 25 + -52. Let p = q - -36. Calculate the highest common factor of p and 45.
9
Let p be (16/(-6))/(4/(-30)). Suppose 0 = 5*f - 3*m - 153, 3*m - m + 122 = 4*f. Calculate the greatest common factor of p and f.
10
Suppose -d + 43 = z, -61*z = -3*d - 58*z + 141. Calculate the greatest common factor of 10 and d.
5
Let r = -33 - -44. Let c be (r/(-22))/((-2)/44). What is the greatest common factor of 121 and c?
11
Suppose 0 = 2*d + n - 435, 4*n + 493 + 132 = 3*d. Let k = d + -560. Let r be k/(-21) + (-9)/21. Calculate the highest common divisor of 24 and r.
8
Let a(f) = -6*f - 41. Let z be a(-27). Let w = 142 - z. Let o be 1/4 + (-1174)/(-8). What is the greatest common divisor of w and o?
21
Let w(g) = -2*g**3 - g**2 - 4. Let n be w(-2). Let b(u) = 2*u**2 - 15*u + 9. Let m be b(n). What is the greatest common divisor of 85 and m?
17
Let n = -1820 - -1900. Calculate the highest common divisor of 16 and n.
16
Let v(h